+ -1022?
-1012
In base 13, what is -1 + 11?
10
In base 3, what is -20120 - 12?
-20202
In base 13, what is b - -93?
a1
In base 12, what is 52 + -a?
44
In base 4, what is -1201 + 12?
-1123
In base 7, what is -3 + 1013?
1010
In base 15, what is -2 - -186?
184
In base 10, what is 2 + -10?
-8
In base 5, what is 14234 + 14?
14303
In base 14, what is 3 - 2c?
-29
In base 13, what is -8609 + -4?
-8610
In base 15, what is 2 + -31?
-2e
In base 6, what is -2 - -250?
244
In base 14, what is -4 + 371?
36b
In base 11, what is -2 - -364?
362
In base 14, what is 4 + 16?
1a
In base 9, what is -4 - 282?
-286
In base 14, what is 305 - -1b?
322
In base 6, what is 3 + 153?
200
In base 6, what is 10332 - 3?
10325
In base 8, what is 0 - -350?
350
In base 3, what is 101 + 10?
111
In base 2, what is 1111 + 10?
10001
In base 4, what is 12 + -320031?
-320013
In base 16, what is -d - 6f?
-7c
In base 16, what is -d5 + b?
-ca
In base 3, what is -202020 + 11?
-202002
In base 14, what is -2 - -a84?
a82
In base 15, what is 1 + 147?
148
In base 3, what is -1001010010 + 12?
-1001002221
In base 6, what is -35 + 1?
-34
In base 16, what is -2c + -7?
-33
In base 12, what is 2 + 692?
694
In base 5, what is -1022 + -112?
-1134
In base 8, what is -614 + -2?
-616
In base 5, what is -4 - 24?
-33
In base 5, what is -14431 + 0?
-14431
In base 4, what is -3030 - 10?
-3100
In base 10, what is -896 - 3?
-899
In base 14, what is 98 - 5?
93
In base 12, what is -1 - 30?
-31
In base 2, what is 1010000 + 1001?
1011001
In base 13, what is 2c64 - 5?
2c5c
In base 5, what is -12 - -222?
210
In base 16, what is -cd9 + 4?
-cd5
In base 15, what is -1b - -12b?
110
In base 16, what is 353 + -3?
350
In base 10, what is 5 + 52?
57
In base 4, what is -101 + 13?
-22
In base 12, what is 2a2a - -5?
2a33
In base 13, what is 5 + -3a?
-35
In base 13, what is 12226 - -2?
12228
In base 7, what is -5443 + -1?
-5444
In base 3, what is 10001210 - -11?
10001221
In base 13, what is -91 - -17?
-77
In base 14, what is 30a + -3?
307
In base 3, what is 1 - 22212?
-22211
In base 13, what is -52 - b?
-60
In base 7, what is -2045 - 3?
-2051
In base 4, what is -102 - -1202?
1100
In base 9, what is -5 - -476?
471
In base 9, what is -244 + -2?
-246
In base 10, what is 11 - 43?
-32
In base 5, what is -10 - 32?
-42
In base 13, what is 15 + -a?
8
In base 15, what is -3 + b3?
b0
In base 3, what is 20 - -1010?
1100
In base 13, what is 3 - -2259?
225c
In base 2, what is 1100001 - 100?
1011101
In base 10, what is -4 - 223?
-227
In base 2, what is 11011001 - -100?
11011101
In base 9, what is -28 - 6?
-35
In base 13, what is 3 - -2a?
30
In base 8, what is -57 - -5?
-52
In base 9, what is -4 - -73?
68
In base 13, what is 27 - 15?
12
In base 9, what is 5 + 131?
136
In base 14, what is 13d - -2a?
169
In base 4, what is -232 + -22?
-320
In base 3, what is 22112 + 10?
22122
In base 8, what is -12 - -71?
57
In base 11, what is -4 - 6?
-a
In base 4, what is 2 - -2302?
2310
In base 11, what is -1 - 5916?
-5917
In base 2, what is -1001101011 + -1?
-1001101100
In base 16, what is -8 - -4?
-4
In base 9, what is -4804 + -5?
-4810
In base 15, what is -779 + 0?
-779
In base 4, what is -2 - 2122?
-2130
In base 11, what is -14 + 223?
20a
In base 14, what is 3 + 8c?
91
In base 14, what is 5 - -9?
10
In base 11, what is -7 + 97?
90
In base 14, what is -75 + 50?
-25
In base 5, what is -2 - -20231?
20224
In base 4, what is 202 - -23?
231
In base 13, what is 7 - 100?
-c6
In base 11, what is 9 + -221?
-213
In base 13, what is 4 + 7?
b
In base 5, what is 3 - 231?
-223
In base 4, what is -3 - 103?
-112
In base 12, what is -25 - 8a?
-b3
In base 12, what is -2 - -354?
352
In base 14, what is bb - 2?
b9
In base 6, what is -11051 - 2?
-11053
In base 8, what is 10337 + -4?
10333
In base 3, what is -200211 + 1?
-200210
In base 12, what is -2 - -303?
301
In base 8, what is -15 - -435?
420
In base 2, what is 100100 - 1110100?
-1010000
In base 10, what is -6 + -61?
-67
In base 4, what is -1023020 + 1?
-1023013
In base 11, what is 177 - 3?
174
In base 2, what is 11010011 + 0?
11010011
In base 10, what is -758 - 0?
-758
In base 15, what is -10 + 228?
218
In base 13, what is -47 - -19?
-2b
In base 13, what is -24a8 + -5?
-24b0
In base 7, what is -12645 - 5?
-12653
In base 5, what is -4 - 12?
-21
In base 6, what is 25 + 102?
131
In base 11, what is -173 - a?
-182
In base 2, what is 10 + 100011010?
100011100
In base 4, what is 230 - 1133?
-303
In base 10, what is -216 + 3?
-213
In base 16, what is -9 + -1c4?
-1cd
In base 11, what is 4 - 319?
-315
In base 3, what is -101 - 10220?
-11021
In base 4, what is -32 + -10202?
-10300
In base 10, what is 34 + 16?
50
In base 5, what is -101 + -4?
-110
In base 15, what is -1 + -237?
-238
In base 8, what is 36 - -17?
55
In base 10, what is 92 - -6?
98
In base 15, what is 18 + -d?
a
In base 12, what is 119 - 5?
114
In base 6, what is 520 - -15?
535
In base 9, what is -5 - 264?
-270
In base 14, what is 3109 + 4?
310d
In base 6, what is 24354 - 5?
24345
In base 13, what is -8232 + 3?
-822c
In base 3, what is 21101 - 0?
21101
In base 6, what is 3 + -13355?
-13352
In base 13, what is -a - 4?
-11
In base 8, what is -5 - -123?
116
In base 10, what is 0 + -4?
-4
In base 13, what is 69c - 5?
697
In base 9, what is -3 + 36?
33
In base 6, what is 443 - -3?
450
In base 10, what is 6 + 49?
55
In base 5, what is -244 + -4?
-303
In base 11, what is 22 + -4?
19
In base 5, what is -104430 - -2?
-104423
In base 12, what is 0 + -35?
-35
In base 4, what is -20 + 20123?
20103
In base 15, what is a7 + -2?
a5
In base 11, what is 1 - 41?
-40
In base 11, what is 2 - 1021?
-101a
In base 11, what is 268 - -17?
284
In base 2, what is -101011110010 + 100?
-101011101110
In base 4, what is 101022 - 0?
101022
In base 13, what is -3ab + 8?
-3a3
In base 15, what is -493 + 0?
-493
In base 11, what is 2 + 1067?
1069
In base 11, what is 60 - 20?
40
In base 14, what is -3 - 18c?
-191
In base 11, what is -28 - 15?
-42
In base 11, what is -3 - -2a09?
2a06
In base 3, what is 2220100 + -111?
2212212
In base 4, what is -1 + 12013?
12012
In base 9, what is -152 - -5?
-146
In base 11, what is -5 - -100?
a6
In base 15, what is 210 + -2?
20d
In base 15, what is -b - -1?
-a
In base 12, what is -67 + -2?
-69
In base 3, what is 100102 - 1?
100101
In base 8, what is 24661 + 0?
24661
In base 4, what is -103113 - -3?
-103110
In base 4, what is -3 - 1000032?
-1000101
In base 9, what is -42 + 16?
-25
In base 10, what is -1162 + 2?
-1160
In base 6, what is 15 - -5?
24
In base 13, what is -11c + -3?
-122
In base 16, what is -2 + -15de?
-15e0
In base 13, what is -4 + -958?
-95c
In base 16, what is -4 - -1eb?
1e7
In base 9, what is 72 + -2?
70
In base 9, what is 0 + -2028?
-2028
In base 4, what is 2 + -200221?
-200213
In base 6, what is -1210 + -5?
-1215
In base 8, what is -33 - -4?
-27
In base 12, what is -76 - -15?
-61
In base 15, what is -3 - -9?
6
In base 7, what is -35 - 2?
-40
In base 6, what is 105 - 220?
-111
In base 3, what is -21210212 + 1?
-21210211
In base 11, what is -82 - 7?
-89
In base 14, what is -b + -33?
-40
In base 6, what is 5 - 231?
-222
In base 9, what is 3 - -1145?
1148
In base 3, what is -10 - 100011?
-100021
In base 5, what is -3 - 2033?
-2041
In base 3, what is 10 + 11002?
11012
In base 9, what is 2067 - 15?
2052
In base 8, what is 5 - 1067?
-1062
In base 10, what is 3 - -303?
306
In base 5, what is -1311 + 1?
-1310
In base 16, what is -1d + -4?
-21
In base 9, what is 1522 + -31?
1481
In base 5, what is -22112 - -2?
-22110
In base 8, what is -753 - -14?
-737
In base 9, what is -1 - -25?
24
In base 9, what is -42 + -25?
-67
In base 14, what is -2 + -1?
-3
In base 13, what is -5 + 1308?
1303
In base 16, what is -3dd + -1?
-3de
In base 8, what is 5 + -2067?
-2062
In base 3, what is -2022 + 1112?
-210
In base 8, what is -7 - 1?
-10
In base 7, what is 653 - -1?
654
In base 14, what is -15 - 27?
-3c
In base 11, what is 0 + -448?
-448
In base 15, what is 627 - 5?
622
In base 11, what is 871 - -1?
872
In base 2, what is 1001111100001011 + 1?
1001111100001100
In base 7, what is 16 - 21?
-2
In base 3, what is -101 - -10?
-21
In base 2, what is 0 + -11111000?
-11111000
In base 3, what is 102110 + -12?
102021
In base 14, what is -3 + -72?
-75
In base 3, what is -112122 - -10?
-11